{"id":109,"date":"2025-10-25T19:59:04","date_gmt":"2025-10-25T19:59:04","guid":{"rendered":"https:\/\/jmorin.fr\/?page_id=109"},"modified":"2025-10-26T10:01:46","modified_gmt":"2025-10-26T10:01:46","slug":"astro-valberg-2025","status":"publish","type":"page","link":"https:\/\/jmorin.fr\/index.php\/animations-publiques\/astro-valberg-2025\/","title":{"rendered":"ASTRO-VALBERG 2025"},"content":{"rendered":"\n<h3 class=\"wp-block-heading\">AstroValberg \u2014 l\u2019astronomie en haute montagne<\/h3>\n\n\n\n<p>Imagine un ciel parfaitement noir, sans aucune pollution lumineuse. \u00c0 plus de <strong>1 700 m\u00e8tres d\u2019altitude<\/strong>, \u00e0 Valberg, la Voie Lact\u00e9e devient visible <strong>\u00e0 l\u2019\u0153il nu<\/strong>, comme un v\u00e9ritable nuage d\u2019\u00e9toiles.<\/p>\n\n\n\n<p>C\u2019est dans ce d\u00e9cor exceptionnel qu\u2019a lieu <strong>AstroValberg<\/strong>, un grand rassemblement d\u2019astronomie ouvert \u00e0 tous : <strong>curieux, familles, photographes, passionn\u00e9s\u2026<\/strong><br><strong>Tout au long de la journ\u00e9e<\/strong>, des <strong>animations, ateliers, conf\u00e9rences et rencontres avec des astronomes<\/strong> permettent au public de d\u00e9couvrir l\u2019Univers de fa\u00e7on ludique et accessible.<\/p>\n\n\n\n<p>Puis, \u00e0 la tomb\u00e9e de la nuit, l\u2019\u00e9v\u00e9nement se prolonge avec <strong>de grandes soir\u00e9es d\u2019observation au t\u00e9lescope<\/strong>, dans l\u2019un des meilleurs sites de ciel de France.<\/p>\n\n\n\n<p>Le club <strong>SPICA y participe r\u00e9guli\u00e8rement<\/strong>, pour accompagner les visiteurs et leur faire vivre une exp\u00e9rience inoubliable sous les \u00e9toiles \u2014 <strong>entre \u00e9merveillement, partage et p\u00e9dagogie<\/strong>.<\/p>\n\n\n\n<figure class=\"wp-block-gallery has-nested-images columns-default is-cropped wp-block-gallery-1 is-layout-flex wp-block-gallery-is-layout-flex\">\n<figure class=\"wp-block-image size-large\"><a href=\"https:\/\/jmorin.fr\/wp-content\/uploads\/2025\/10\/IMG-20251025-WA0029.jpg\"><img loading=\"lazy\" decoding=\"async\" width=\"768\" height=\"1024\" data-id=\"111\" src=\"https:\/\/jmorin.fr\/wp-content\/uploads\/2025\/10\/IMG-20251025-WA0029-768x1024.jpg\" alt=\"\" class=\"wp-image-111\" srcset=\"https:\/\/jmorin.fr\/wp-content\/uploads\/2025\/10\/IMG-20251025-WA0029-768x1024.jpg 768w, https:\/\/jmorin.fr\/wp-content\/uploads\/2025\/10\/IMG-20251025-WA0029-225x300.jpg 225w, https:\/\/jmorin.fr\/wp-content\/uploads\/2025\/10\/IMG-20251025-WA0029-1152x1536.jpg 1152w, https:\/\/jmorin.fr\/wp-content\/uploads\/2025\/10\/IMG-20251025-WA0029.jpg 1200w\" sizes=\"auto, (max-width: 768px) 100vw, 768px\" \/><\/a><\/figure>\n\n\n\n<figure class=\"wp-block-image size-large\"><a href=\"https:\/\/jmorin.fr\/wp-content\/uploads\/2025\/10\/IMG-20251025-WA0030.jpg\"><img loading=\"lazy\" decoding=\"async\" width=\"768\" height=\"1024\" data-id=\"110\" src=\"https:\/\/jmorin.fr\/wp-content\/uploads\/2025\/10\/IMG-20251025-WA0030-768x1024.jpg\" alt=\"\" class=\"wp-image-110\" srcset=\"https:\/\/jmorin.fr\/wp-content\/uploads\/2025\/10\/IMG-20251025-WA0030-768x1024.jpg 768w, https:\/\/jmorin.fr\/wp-content\/uploads\/2025\/10\/IMG-20251025-WA0030-225x300.jpg 225w, https:\/\/jmorin.fr\/wp-content\/uploads\/2025\/10\/IMG-20251025-WA0030-1152x1536.jpg 1152w, https:\/\/jmorin.fr\/wp-content\/uploads\/2025\/10\/IMG-20251025-WA0030.jpg 1200w\" sizes=\"auto, (max-width: 768px) 100vw, 768px\" \/><\/a><\/figure>\n\n\n\n<figure class=\"wp-block-image size-large\"><a href=\"https:\/\/jmorin.fr\/wp-content\/uploads\/2025\/10\/IMG-20251025-WA0031.jpg\"><img loading=\"lazy\" decoding=\"async\" width=\"768\" height=\"1024\" data-id=\"113\" src=\"https:\/\/jmorin.fr\/wp-content\/uploads\/2025\/10\/IMG-20251025-WA0031-768x1024.jpg\" alt=\"\" class=\"wp-image-113\" srcset=\"https:\/\/jmorin.fr\/wp-content\/uploads\/2025\/10\/IMG-20251025-WA0031-768x1024.jpg 768w, https:\/\/jmorin.fr\/wp-content\/uploads\/2025\/10\/IMG-20251025-WA0031-225x300.jpg 225w, https:\/\/jmorin.fr\/wp-content\/uploads\/2025\/10\/IMG-20251025-WA0031-1152x1536.jpg 1152w, https:\/\/jmorin.fr\/wp-content\/uploads\/2025\/10\/IMG-20251025-WA0031.jpg 1200w\" sizes=\"auto, (max-width: 768px) 100vw, 768px\" \/><\/a><\/figure>\n\n\n\n<figure class=\"wp-block-image size-large\"><a href=\"https:\/\/jmorin.fr\/wp-content\/uploads\/2025\/10\/IMG-20251025-WA0032.jpg\"><img loading=\"lazy\" decoding=\"async\" width=\"768\" height=\"1024\" data-id=\"112\" src=\"https:\/\/jmorin.fr\/wp-content\/uploads\/2025\/10\/IMG-20251025-WA0032-768x1024.jpg\" alt=\"\" class=\"wp-image-112\" srcset=\"https:\/\/jmorin.fr\/wp-content\/uploads\/2025\/10\/IMG-20251025-WA0032-768x1024.jpg 768w, https:\/\/jmorin.fr\/wp-content\/uploads\/2025\/10\/IMG-20251025-WA0032-225x300.jpg 225w, https:\/\/jmorin.fr\/wp-content\/uploads\/2025\/10\/IMG-20251025-WA0032-1152x1536.jpg 1152w, https:\/\/jmorin.fr\/wp-content\/uploads\/2025\/10\/IMG-20251025-WA0032.jpg 1200w\" sizes=\"auto, (max-width: 768px) 100vw, 768px\" \/><\/a><\/figure>\n\n\n\n<figure class=\"wp-block-image size-large\"><a href=\"https:\/\/jmorin.fr\/wp-content\/uploads\/2025\/10\/IMG-20251025-WA0033.jpg\"><img loading=\"lazy\" decoding=\"async\" width=\"768\" height=\"1024\" data-id=\"117\" src=\"https:\/\/jmorin.fr\/wp-content\/uploads\/2025\/10\/IMG-20251025-WA0033-768x1024.jpg\" alt=\"\" class=\"wp-image-117\" srcset=\"https:\/\/jmorin.fr\/wp-content\/uploads\/2025\/10\/IMG-20251025-WA0033-768x1024.jpg 768w, https:\/\/jmorin.fr\/wp-content\/uploads\/2025\/10\/IMG-20251025-WA0033-225x300.jpg 225w, https:\/\/jmorin.fr\/wp-content\/uploads\/2025\/10\/IMG-20251025-WA0033-1152x1536.jpg 1152w, https:\/\/jmorin.fr\/wp-content\/uploads\/2025\/10\/IMG-20251025-WA0033.jpg 1200w\" sizes=\"auto, (max-width: 768px) 100vw, 768px\" \/><\/a><\/figure>\n\n\n\n<figure class=\"wp-block-image size-large\"><a href=\"https:\/\/jmorin.fr\/wp-content\/uploads\/2025\/10\/IMG-20251025-WA0034.jpg\"><img loading=\"lazy\" decoding=\"async\" width=\"768\" height=\"1024\" data-id=\"116\" src=\"https:\/\/jmorin.fr\/wp-content\/uploads\/2025\/10\/IMG-20251025-WA0034-768x1024.jpg\" alt=\"\" class=\"wp-image-116\" srcset=\"https:\/\/jmorin.fr\/wp-content\/uploads\/2025\/10\/IMG-20251025-WA0034-768x1024.jpg 768w, https:\/\/jmorin.fr\/wp-content\/uploads\/2025\/10\/IMG-20251025-WA0034-225x300.jpg 225w, https:\/\/jmorin.fr\/wp-content\/uploads\/2025\/10\/IMG-20251025-WA0034-1152x1536.jpg 1152w, https:\/\/jmorin.fr\/wp-content\/uploads\/2025\/10\/IMG-20251025-WA0034.jpg 1200w\" sizes=\"auto, (max-width: 768px) 100vw, 768px\" \/><\/a><\/figure>\n\n\n\n<figure class=\"wp-block-image size-large\"><a href=\"https:\/\/jmorin.fr\/wp-content\/uploads\/2025\/10\/IMG-20251025-WA0035.jpg\"><img loading=\"lazy\" decoding=\"async\" width=\"771\" height=\"1024\" data-id=\"118\" src=\"https:\/\/jmorin.fr\/wp-content\/uploads\/2025\/10\/IMG-20251025-WA0035-771x1024.jpg\" alt=\"\" class=\"wp-image-118\" srcset=\"https:\/\/jmorin.fr\/wp-content\/uploads\/2025\/10\/IMG-20251025-WA0035-771x1024.jpg 771w, https:\/\/jmorin.fr\/wp-content\/uploads\/2025\/10\/IMG-20251025-WA0035-226x300.jpg 226w, https:\/\/jmorin.fr\/wp-content\/uploads\/2025\/10\/IMG-20251025-WA0035-768x1020.jpg 768w, https:\/\/jmorin.fr\/wp-content\/uploads\/2025\/10\/IMG-20251025-WA0035-1157x1536.jpg 1157w, https:\/\/jmorin.fr\/wp-content\/uploads\/2025\/10\/IMG-20251025-WA0035.jpg 1536w\" sizes=\"auto, (max-width: 771px) 100vw, 771px\" \/><\/a><\/figure>\n\n\n\n<figure class=\"wp-block-image size-large\"><a href=\"https:\/\/jmorin.fr\/wp-content\/uploads\/2025\/10\/WhatsApp-Image-2025-08-22-a-15.31.09_fe23e326.jpg\"><img loading=\"lazy\" decoding=\"async\" width=\"771\" height=\"1024\" data-id=\"119\" src=\"https:\/\/jmorin.fr\/wp-content\/uploads\/2025\/10\/WhatsApp-Image-2025-08-22-a-15.31.09_fe23e326-771x1024.jpg\" alt=\"\" class=\"wp-image-119\" srcset=\"https:\/\/jmorin.fr\/wp-content\/uploads\/2025\/10\/WhatsApp-Image-2025-08-22-a-15.31.09_fe23e326-771x1024.jpg 771w, https:\/\/jmorin.fr\/wp-content\/uploads\/2025\/10\/WhatsApp-Image-2025-08-22-a-15.31.09_fe23e326-226x300.jpg 226w, https:\/\/jmorin.fr\/wp-content\/uploads\/2025\/10\/WhatsApp-Image-2025-08-22-a-15.31.09_fe23e326-768x1020.jpg 768w, https:\/\/jmorin.fr\/wp-content\/uploads\/2025\/10\/WhatsApp-Image-2025-08-22-a-15.31.09_fe23e326-1157x1536.jpg 1157w, https:\/\/jmorin.fr\/wp-content\/uploads\/2025\/10\/WhatsApp-Image-2025-08-22-a-15.31.09_fe23e326.jpg 1536w\" sizes=\"auto, (max-width: 771px) 100vw, 771px\" \/><\/a><\/figure>\n\n\n\n<figure class=\"wp-block-image size-large\"><a href=\"https:\/\/jmorin.fr\/wp-content\/uploads\/2025\/10\/WhatsApp-Image-2025-08-23-a-12.11.35_f9b17e75.jpg\"><img loading=\"lazy\" decoding=\"async\" width=\"768\" height=\"1024\" data-id=\"115\" src=\"https:\/\/jmorin.fr\/wp-content\/uploads\/2025\/10\/WhatsApp-Image-2025-08-23-a-12.11.35_f9b17e75-768x1024.jpg\" alt=\"\" class=\"wp-image-115\" srcset=\"https:\/\/jmorin.fr\/wp-content\/uploads\/2025\/10\/WhatsApp-Image-2025-08-23-a-12.11.35_f9b17e75-768x1024.jpg 768w, https:\/\/jmorin.fr\/wp-content\/uploads\/2025\/10\/WhatsApp-Image-2025-08-23-a-12.11.35_f9b17e75-225x300.jpg 225w, https:\/\/jmorin.fr\/wp-content\/uploads\/2025\/10\/WhatsApp-Image-2025-08-23-a-12.11.35_f9b17e75-1152x1536.jpg 1152w, https:\/\/jmorin.fr\/wp-content\/uploads\/2025\/10\/WhatsApp-Image-2025-08-23-a-12.11.35_f9b17e75.jpg 1200w\" sizes=\"auto, (max-width: 768px) 100vw, 768px\" \/><\/a><\/figure>\n\n\n\n<figure class=\"wp-block-image size-large\"><a href=\"https:\/\/jmorin.fr\/wp-content\/uploads\/2025\/10\/WhatsApp-Image-2025-08-23-a-12.11.35_69017cdb.jpg\"><img loading=\"lazy\" decoding=\"async\" width=\"768\" height=\"1024\" data-id=\"114\" src=\"https:\/\/jmorin.fr\/wp-content\/uploads\/2025\/10\/WhatsApp-Image-2025-08-23-a-12.11.35_69017cdb-768x1024.jpg\" alt=\"\" class=\"wp-image-114\" srcset=\"https:\/\/jmorin.fr\/wp-content\/uploads\/2025\/10\/WhatsApp-Image-2025-08-23-a-12.11.35_69017cdb-768x1024.jpg 768w, https:\/\/jmorin.fr\/wp-content\/uploads\/2025\/10\/WhatsApp-Image-2025-08-23-a-12.11.35_69017cdb-225x300.jpg 225w, https:\/\/jmorin.fr\/wp-content\/uploads\/2025\/10\/WhatsApp-Image-2025-08-23-a-12.11.35_69017cdb-1152x1536.jpg 1152w, https:\/\/jmorin.fr\/wp-content\/uploads\/2025\/10\/WhatsApp-Image-2025-08-23-a-12.11.35_69017cdb.jpg 1200w\" sizes=\"auto, (max-width: 768px) 100vw, 768px\" \/><\/a><\/figure>\n<\/figure>\n","protected":false},"excerpt":{"rendered":"<p>AstroValberg \u2014 l\u2019astronomie en haute montagne Imagine un ciel parfaitement noir, sans aucune pollution lumineuse. \u00c0 plus de 1 700 m\u00e8tres d\u2019altitude, \u00e0 Valberg, la Voie Lact\u00e9e devient visible \u00e0 l\u2019\u0153il nu, comme un v\u00e9ritable nuage d\u2019\u00e9toiles. C\u2019est dans ce d\u00e9cor exceptionnel qu\u2019a lieu AstroValberg, un grand rassemblement d\u2019astronomie ouvert \u00e0 tous : curieux, familles, [&hellip;]<\/p>\n","protected":false},"author":1,"featured_media":0,"parent":164,"menu_order":0,"comment_status":"closed","ping_status":"closed","template":"","meta":{"footnotes":""},"class_list":["post-109","page","type-page","status-publish","hentry"],"_links":{"self":[{"href":"https:\/\/jmorin.fr\/index.php\/wp-json\/wp\/v2\/pages\/109","targetHints":{"allow":["GET"]}}],"collection":[{"href":"https:\/\/jmorin.fr\/index.php\/wp-json\/wp\/v2\/pages"}],"about":[{"href":"https:\/\/jmorin.fr\/index.php\/wp-json\/wp\/v2\/types\/page"}],"author":[{"embeddable":true,"href":"https:\/\/jmorin.fr\/index.php\/wp-json\/wp\/v2\/users\/1"}],"replies":[{"embeddable":true,"href":"https:\/\/jmorin.fr\/index.php\/wp-json\/wp\/v2\/comments?post=109"}],"version-history":[{"count":3,"href":"https:\/\/jmorin.fr\/index.php\/wp-json\/wp\/v2\/pages\/109\/revisions"}],"predecessor-version":[{"id":163,"href":"https:\/\/jmorin.fr\/index.php\/wp-json\/wp\/v2\/pages\/109\/revisions\/163"}],"up":[{"embeddable":true,"href":"https:\/\/jmorin.fr\/index.php\/wp-json\/wp\/v2\/pages\/164"}],"wp:attachment":[{"href":"https:\/\/jmorin.fr\/index.php\/wp-json\/wp\/v2\/media?parent=109"}],"curies":[{"name":"wp","href":"https:\/\/api.w.org\/{rel}","templated":true}]}}